{"id":119,"date":"2016-09-30T18:05:33","date_gmt":"2016-09-30T16:05:33","guid":{"rendered":"http:\/\/www.pb-franken.de.w01442d2.kasserver.com\/wordpress\/?page_id=119"},"modified":"2019-01-30T19:40:02","modified_gmt":"2019-01-30T18:40:02","slug":"ambulant-betreutes-wohnen-2","status":"publish","type":"page","link":"https:\/\/www.pb-franken.de\/wordpress\/ambulant-betreutes-wohnen-2\/","title":{"rendered":"Ambulant Betreutes Wohnen"},"content":{"rendered":"<h2><strong>Ambulant Betreutes Wohnen f\u00fcr Menschen mit psychischen Behinderungen<\/strong><\/h2>\n<p>Eine Vielzahl von Menschen mit psychischen Behinderungen ben\u00f6tigen Unterst\u00fctzung, um in ihrer eigenen Wohnung ein selbstbestimmtes Leben f\u00fchren zu k\u00f6nnen. Abh\u00e4ngig von der Art ihrer Behinderung brauchen sie praktische Hilfe zur Bew\u00e4ltigung des Alltags, und Anleitung, um vorhandene F\u00e4higkeiten weiter zu entwickeln und Fertigkeiten auszupr\u00e4gen.<\/p>\n<p>Das Ambulant Betreute Wohnen unterst\u00fctzt erwachsene Frauen und M\u00e4nner, die noch nicht oder auf Dauer nicht zur v\u00f6llig selbst\u00e4ndigen Lebensf\u00fchrung in der Lage sind. Die Mitarbeiterinnen von Mensch zu Mensch bieten eine fachgerechte Hilfe, F\u00f6rderung und Unterst\u00fctzung, um eine selbst\u00e4ndige Lebensf\u00fchrung zu erlernen bzw. zu stabilisieren.<\/p>\n","protected":false},"excerpt":{"rendered":"<p>Ambulant Betreutes Wohnen f\u00fcr Menschen mit psychischen Behinderungen Eine Vielzahl von Menschen mit psychischen Behinderungen ben\u00f6tigen Unterst\u00fctzung, um in ihrer eigenen Wohnung ein selbstbestimmtes Leben f\u00fchren zu k\u00f6nnen. Abh\u00e4ngig von der Art ihrer Behinderung brauchen sie praktische Hilfe zur Bew\u00e4ltigung des Alltags, und Anleitung, um vorhandene F\u00e4higkeiten weiter zu entwickeln und Fertigkeiten auszupr\u00e4gen. Das Ambulant [&hellip;]<\/p>\n","protected":false},"author":1,"featured_media":0,"parent":0,"menu_order":0,"comment_status":"closed","ping_status":"closed","template":"","meta":{"footnotes":""},"class_list":["post-119","page","type-page","status-publish","hentry"],"yoast_head":"<!-- This site is optimized with the Yoast SEO plugin v27.2 - https:\/\/yoast.com\/product\/yoast-seo-wordpress\/ -->\n<title>Ambulant Betreutes Wohnen ~ Mensch zu Mensch e.V.<\/title>\n<meta name=\"robots\" content=\"index, follow, max-snippet:-1, max-image-preview:large, max-video-preview:-1\" \/>\n<link rel=\"canonical\" href=\"https:\/\/www.pb-franken.de\/wordpress\/ambulant-betreutes-wohnen-2\/\" \/>\n<meta property=\"og:locale\" content=\"de_DE\" \/>\n<meta property=\"og:type\" content=\"article\" \/>\n<meta property=\"og:title\" content=\"Ambulant Betreutes Wohnen ~ Mensch zu Mensch e.V.\" \/>\n<meta property=\"og:description\" content=\"Ambulant Betreutes Wohnen f\u00fcr Menschen mit psychischen Behinderungen Eine Vielzahl von Menschen mit psychischen Behinderungen ben\u00f6tigen Unterst\u00fctzung, um in ihrer eigenen Wohnung ein selbstbestimmtes Leben f\u00fchren zu k\u00f6nnen. Abh\u00e4ngig von der Art ihrer Behinderung brauchen sie praktische Hilfe zur Bew\u00e4ltigung des Alltags, und Anleitung, um vorhandene F\u00e4higkeiten weiter zu entwickeln und Fertigkeiten auszupr\u00e4gen. Das Ambulant [&hellip;]\" \/>\n<meta property=\"og:url\" content=\"https:\/\/www.pb-franken.de\/wordpress\/ambulant-betreutes-wohnen-2\/\" \/>\n<meta property=\"og:site_name\" content=\"Mensch zu Mensch e.V.\" \/>\n<meta property=\"article:modified_time\" content=\"2019-01-30T18:40:02+00:00\" \/>\n<meta name=\"twitter:card\" content=\"summary_large_image\" \/>\n<meta name=\"twitter:label1\" content=\"Gesch\u00e4tzte Lesezeit\" \/>\n\t<meta name=\"twitter:data1\" content=\"1\u00a0Minute\" \/>\n<script type=\"application\/ld+json\" class=\"yoast-schema-graph\">{\"@context\":\"https:\/\/schema.org\",\"@graph\":[{\"@type\":\"WebPage\",\"@id\":\"https:\/\/www.pb-franken.de\/wordpress\/ambulant-betreutes-wohnen-2\/\",\"url\":\"https:\/\/www.pb-franken.de\/wordpress\/ambulant-betreutes-wohnen-2\/\",\"name\":\"Ambulant Betreutes Wohnen ~ Mensch zu Mensch e.V.\",\"isPartOf\":{\"@id\":\"https:\/\/www.pb-franken.de\/wordpress\/#website\"},\"datePublished\":\"2016-09-30T16:05:33+00:00\",\"dateModified\":\"2019-01-30T18:40:02+00:00\",\"breadcrumb\":{\"@id\":\"https:\/\/www.pb-franken.de\/wordpress\/ambulant-betreutes-wohnen-2\/#breadcrumb\"},\"inLanguage\":\"de\",\"potentialAction\":[{\"@type\":\"ReadAction\",\"target\":[\"https:\/\/www.pb-franken.de\/wordpress\/ambulant-betreutes-wohnen-2\/\"]}]},{\"@type\":\"BreadcrumbList\",\"@id\":\"https:\/\/www.pb-franken.de\/wordpress\/ambulant-betreutes-wohnen-2\/#breadcrumb\",\"itemListElement\":[{\"@type\":\"ListItem\",\"position\":1,\"name\":\"Startseite\",\"item\":\"https:\/\/www.pb-franken.de\/wordpress\/\"},{\"@type\":\"ListItem\",\"position\":2,\"name\":\"Ambulant Betreutes Wohnen\"}]},{\"@type\":\"WebSite\",\"@id\":\"https:\/\/www.pb-franken.de\/wordpress\/#website\",\"url\":\"https:\/\/www.pb-franken.de\/wordpress\/\",\"name\":\"Mensch zu Mensch e.V.\",\"description\":\"Betreuungsdienstleistungen, Alltagshilfen und individuelle Beratung in Kitzingen, W\u00fcrzburg und Franken.\",\"publisher\":{\"@id\":\"https:\/\/www.pb-franken.de\/wordpress\/#organization\"},\"potentialAction\":[{\"@type\":\"SearchAction\",\"target\":{\"@type\":\"EntryPoint\",\"urlTemplate\":\"https:\/\/www.pb-franken.de\/wordpress\/?s={search_term_string}\"},\"query-input\":{\"@type\":\"PropertyValueSpecification\",\"valueRequired\":true,\"valueName\":\"search_term_string\"}}],\"inLanguage\":\"de\"},{\"@type\":\"Organization\",\"@id\":\"https:\/\/www.pb-franken.de\/wordpress\/#organization\",\"name\":\"Mensch zu Mensch e.V.\",\"url\":\"https:\/\/www.pb-franken.de\/wordpress\/\",\"logo\":{\"@type\":\"ImageObject\",\"inLanguage\":\"de\",\"@id\":\"https:\/\/www.pb-franken.de\/wordpress\/#\/schema\/logo\/image\/\",\"url\":\"https:\/\/www.pb-franken.de\/wordpress\/wp-content\/uploads\/2019\/03\/LogoMenschzuMenschev_website.png\",\"contentUrl\":\"https:\/\/www.pb-franken.de\/wordpress\/wp-content\/uploads\/2019\/03\/LogoMenschzuMenschev_website.png\",\"width\":417,\"height\":153,\"caption\":\"Mensch zu Mensch e.V.\"},\"image\":{\"@id\":\"https:\/\/www.pb-franken.de\/wordpress\/#\/schema\/logo\/image\/\"}}]}<\/script>\n<!-- \/ Yoast SEO plugin. -->","yoast_head_json":{"title":"Ambulant Betreutes Wohnen ~ Mensch zu Mensch e.V.","robots":{"index":"index","follow":"follow","max-snippet":"max-snippet:-1","max-image-preview":"max-image-preview:large","max-video-preview":"max-video-preview:-1"},"canonical":"https:\/\/www.pb-franken.de\/wordpress\/ambulant-betreutes-wohnen-2\/","og_locale":"de_DE","og_type":"article","og_title":"Ambulant Betreutes Wohnen ~ Mensch zu Mensch e.V.","og_description":"Ambulant Betreutes Wohnen f\u00fcr Menschen mit psychischen Behinderungen Eine Vielzahl von Menschen mit psychischen Behinderungen ben\u00f6tigen Unterst\u00fctzung, um in ihrer eigenen Wohnung ein selbstbestimmtes Leben f\u00fchren zu k\u00f6nnen. Abh\u00e4ngig von der Art ihrer Behinderung brauchen sie praktische Hilfe zur Bew\u00e4ltigung des Alltags, und Anleitung, um vorhandene F\u00e4higkeiten weiter zu entwickeln und Fertigkeiten auszupr\u00e4gen. Das Ambulant [&hellip;]","og_url":"https:\/\/www.pb-franken.de\/wordpress\/ambulant-betreutes-wohnen-2\/","og_site_name":"Mensch zu Mensch e.V.","article_modified_time":"2019-01-30T18:40:02+00:00","twitter_card":"summary_large_image","twitter_misc":{"Gesch\u00e4tzte Lesezeit":"1\u00a0Minute"},"schema":{"@context":"https:\/\/schema.org","@graph":[{"@type":"WebPage","@id":"https:\/\/www.pb-franken.de\/wordpress\/ambulant-betreutes-wohnen-2\/","url":"https:\/\/www.pb-franken.de\/wordpress\/ambulant-betreutes-wohnen-2\/","name":"Ambulant Betreutes Wohnen ~ Mensch zu Mensch e.V.","isPartOf":{"@id":"https:\/\/www.pb-franken.de\/wordpress\/#website"},"datePublished":"2016-09-30T16:05:33+00:00","dateModified":"2019-01-30T18:40:02+00:00","breadcrumb":{"@id":"https:\/\/www.pb-franken.de\/wordpress\/ambulant-betreutes-wohnen-2\/#breadcrumb"},"inLanguage":"de","potentialAction":[{"@type":"ReadAction","target":["https:\/\/www.pb-franken.de\/wordpress\/ambulant-betreutes-wohnen-2\/"]}]},{"@type":"BreadcrumbList","@id":"https:\/\/www.pb-franken.de\/wordpress\/ambulant-betreutes-wohnen-2\/#breadcrumb","itemListElement":[{"@type":"ListItem","position":1,"name":"Startseite","item":"https:\/\/www.pb-franken.de\/wordpress\/"},{"@type":"ListItem","position":2,"name":"Ambulant Betreutes Wohnen"}]},{"@type":"WebSite","@id":"https:\/\/www.pb-franken.de\/wordpress\/#website","url":"https:\/\/www.pb-franken.de\/wordpress\/","name":"Mensch zu Mensch e.V.","description":"Betreuungsdienstleistungen, Alltagshilfen und individuelle Beratung in Kitzingen, W\u00fcrzburg und Franken.","publisher":{"@id":"https:\/\/www.pb-franken.de\/wordpress\/#organization"},"potentialAction":[{"@type":"SearchAction","target":{"@type":"EntryPoint","urlTemplate":"https:\/\/www.pb-franken.de\/wordpress\/?s={search_term_string}"},"query-input":{"@type":"PropertyValueSpecification","valueRequired":true,"valueName":"search_term_string"}}],"inLanguage":"de"},{"@type":"Organization","@id":"https:\/\/www.pb-franken.de\/wordpress\/#organization","name":"Mensch zu Mensch e.V.","url":"https:\/\/www.pb-franken.de\/wordpress\/","logo":{"@type":"ImageObject","inLanguage":"de","@id":"https:\/\/www.pb-franken.de\/wordpress\/#\/schema\/logo\/image\/","url":"https:\/\/www.pb-franken.de\/wordpress\/wp-content\/uploads\/2019\/03\/LogoMenschzuMenschev_website.png","contentUrl":"https:\/\/www.pb-franken.de\/wordpress\/wp-content\/uploads\/2019\/03\/LogoMenschzuMenschev_website.png","width":417,"height":153,"caption":"Mensch zu Mensch e.V."},"image":{"@id":"https:\/\/www.pb-franken.de\/wordpress\/#\/schema\/logo\/image\/"}}]}},"_links":{"self":[{"href":"https:\/\/www.pb-franken.de\/wordpress\/wp-json\/wp\/v2\/pages\/119","targetHints":{"allow":["GET"]}}],"collection":[{"href":"https:\/\/www.pb-franken.de\/wordpress\/wp-json\/wp\/v2\/pages"}],"about":[{"href":"https:\/\/www.pb-franken.de\/wordpress\/wp-json\/wp\/v2\/types\/page"}],"author":[{"embeddable":true,"href":"https:\/\/www.pb-franken.de\/wordpress\/wp-json\/wp\/v2\/users\/1"}],"replies":[{"embeddable":true,"href":"https:\/\/www.pb-franken.de\/wordpress\/wp-json\/wp\/v2\/comments?post=119"}],"version-history":[{"count":2,"href":"https:\/\/www.pb-franken.de\/wordpress\/wp-json\/wp\/v2\/pages\/119\/revisions"}],"predecessor-version":[{"id":178,"href":"https:\/\/www.pb-franken.de\/wordpress\/wp-json\/wp\/v2\/pages\/119\/revisions\/178"}],"wp:attachment":[{"href":"https:\/\/www.pb-franken.de\/wordpress\/wp-json\/wp\/v2\/media?parent=119"}],"curies":[{"name":"wp","href":"https:\/\/api.w.org\/{rel}","templated":true}]}}

<h2><strong>Ambulant Betreutes Wohnen für Menschen mit psychischen Behinderungen</strong></h2>
<p>Eine Vielzahl von Menschen mit psychischen Behinderungen benötigen Unterstützung, um in ihrer eigenen Wohnung ein selbstbestimmtes Leben führen zu können. Abhängig von der Art ihrer Behinderung brauchen sie praktische Hilfe zur Bewältigung des Alltags, und Anleitung, um vorhandene Fähigkeiten weiter zu entwickeln und Fertigkeiten auszuprägen.</p>
<p>Das Ambulant Betreute Wohnen unterstützt erwachsene Frauen und Männer, die noch nicht oder auf Dauer nicht zur völlig selbständigen Lebensführung in der Lage sind. Die Mitarbeiterinnen von Mensch zu Mensch bieten eine fachgerechte Hilfe, Förderung und Unterstützung, um eine selbständige Lebensführung zu erlernen bzw. zu stabilisieren.</p>

<p>Ambulant Betreutes Wohnen für Menschen mit psychischen Behinderungen Eine Vielzahl von Menschen mit psychischen Behinderungen benötigen Unterstützung, um in ihrer eigenen Wohnung ein selbstbestimmtes Leben führen zu können. Abhängig von der Art ihrer Behinderung brauchen sie praktische Hilfe zur Bewältigung des Alltags, und Anleitung, um vorhandene Fähigkeiten weiter zu entwickeln und Fertigkeiten auszuprägen. Das Ambulant [&hellip;]</p>

<!-- This site is optimized with the Yoast SEO plugin v27.2 - https://yoast.com/product/yoast-seo-wordpress/ -->
<title>Ambulant Betreutes Wohnen ~ Mensch zu Mensch e.V.</title>
<meta name="robots" content="index, follow, max-snippet:-1, max-image-preview:large, max-video-preview:-1" />
<link rel="canonical" href="https://www.pb-franken.de/wordpress/ambulant-betreutes-wohnen-2/" />
<meta property="og:locale" content="de_DE" />
<meta property="og:type" content="article" />
<meta property="og:title" content="Ambulant Betreutes Wohnen ~ Mensch zu Mensch e.V." />
<meta property="og:description" content="Ambulant Betreutes Wohnen für Menschen mit psychischen Behinderungen Eine Vielzahl von Menschen mit psychischen Behinderungen benötigen Unterstützung, um in ihrer eigenen Wohnung ein selbstbestimmtes Leben führen zu können. Abhängig von der Art ihrer Behinderung brauchen sie praktische Hilfe zur Bewältigung des Alltags, und Anleitung, um vorhandene Fähigkeiten weiter zu entwickeln und Fertigkeiten auszuprägen. Das Ambulant [&hellip;]" />
<meta property="og:url" content="https://www.pb-franken.de/wordpress/ambulant-betreutes-wohnen-2/" />
<meta property="og:site_name" content="Mensch zu Mensch e.V." />
<meta property="article:modified_time" content="2019-01-30T18:40:02+00:00" />
<meta name="twitter:card" content="summary_large_image" />
<meta name="twitter:label1" content="Geschätzte Lesezeit" />
	<meta name="twitter:data1" content="1 Minute" />
<script type="application/ld+json" class="yoast-schema-graph">{"@context":"https://schema.org","@graph":[{"@type":"WebPage","@id":"https://www.pb-franken.de/wordpress/ambulant-betreutes-wohnen-2/","url":"https://www.pb-franken.de/wordpress/ambulant-betreutes-wohnen-2/","name":"Ambulant Betreutes Wohnen ~ Mensch zu Mensch e.V.","isPartOf":{"@id":"https://www.pb-franken.de/wordpress/#website"},"datePublished":"2016-09-30T16:05:33+00:00","dateModified":"2019-01-30T18:40:02+00:00","breadcrumb":{"@id":"https://www.pb-franken.de/wordpress/ambulant-betreutes-wohnen-2/#breadcrumb"},"inLanguage":"de","potentialAction":[{"@type":"ReadAction","target":["https://www.pb-franken.de/wordpress/ambulant-betreutes-wohnen-2/"]}]},{"@type":"BreadcrumbList","@id":"https://www.pb-franken.de/wordpress/ambulant-betreutes-wohnen-2/#breadcrumb","itemListElement":[{"@type":"ListItem","position":1,"name":"Startseite","item":"https://www.pb-franken.de/wordpress/"},{"@type":"ListItem","position":2,"name":"Ambulant Betreutes Wohnen"}]},{"@type":"WebSite","@id":"https://www.pb-franken.de/wordpress/#website","url":"https://www.pb-franken.de/wordpress/","name":"Mensch zu Mensch e.V.","description":"Betreuungsdienstleistungen, Alltagshilfen und individuelle Beratung in Kitzingen, Würzburg und Franken.","publisher":{"@id":"https://www.pb-franken.de/wordpress/#organization"},"potentialAction":[{"@type":"SearchAction","target":{"@type":"EntryPoint","urlTemplate":"https://www.pb-franken.de/wordpress/?s={search_term_string}"},"query-input":{"@type":"PropertyValueSpecification","valueRequired":true,"valueName":"search_term_string"}}],"inLanguage":"de"},{"@type":"Organization","@id":"https://www.pb-franken.de/wordpress/#organization","name":"Mensch zu Mensch e.V.","url":"https://www.pb-franken.de/wordpress/","logo":{"@type":"ImageObject","inLanguage":"de","@id":"https://www.pb-franken.de/wordpress/#/schema/logo/image/","url":"https://www.pb-franken.de/wordpress/wp-content/uploads/2019/03/LogoMenschzuMenschev_website.png","contentUrl":"https://www.pb-franken.de/wordpress/wp-content/uploads/2019/03/LogoMenschzuMenschev_website.png","width":417,"height":153,"caption":"Mensch zu Mensch e.V."},"image":{"@id":"https://www.pb-franken.de/wordpress/#/schema/logo/image/"}}]}</script>
<!-- / Yoast SEO plugin. -->

Ambulant Betreutes Wohnen für Menschen mit psychischen Behinderungen Eine Vielzahl von Menschen mit psychischen Behinderungen benötigen Unterstützung, um in ihrer eigenen Wohnung ein selbstbestimmtes Leben führen zu können. Abhängig von der Art ihrer Behinderung brauchen sie praktische Hilfe zur Bewältigung des Alltags, und Anleitung, um vorhandene Fähigkeiten weiter zu entwickeln und Fertigkeiten auszuprägen. Das Ambulant [&hellip;]

Betreuungsdienstleistungen, Alltagshilfen und individuelle Beratung in Kitzingen, Würzburg und Franken.
