{"id":186,"date":"2019-01-31T06:28:50","date_gmt":"2019-01-31T05:28:50","guid":{"rendered":"http:\/\/www.pb-franken.de\/wordpress\/?page_id=186"},"modified":"2025-07-27T21:13:54","modified_gmt":"2025-07-27T19:13:54","slug":"der-verein","status":"publish","type":"page","link":"https:\/\/www.pb-franken.de\/wordpress\/der-verein\/","title":{"rendered":"Der Verein"},"content":{"rendered":"<p>Die Gesch\u00e4ftsstelle von Mensch zu Mensch e.V. befindet sich in der Ochsenfurter Stra\u00dfe 16, in Marktbreit. Hier finden Sie sowohl den gesch\u00e4ftsf\u00fchrenden Vorstand als auch die Verwaltung des Vereins.<\/p>\n<p>Unser Verein ist vom Finanzamt W\u00fcrzburg als <strong>gemeinn\u00fctzig<\/strong> anerkannt.<\/p>\n<p><img loading=\"lazy\" decoding=\"async\" class=\"alignleft wp-image-197 size-large\" src=\"https:\/\/www.pb-franken.de\/wordpress\/wp-content\/uploads\/2019\/01\/market-wide-2771188_1920-1024x575.jpg\" alt=\"\" width=\"970\" height=\"545\" srcset=\"https:\/\/www.pb-franken.de\/wordpress\/wp-content\/uploads\/2019\/01\/market-wide-2771188_1920-1024x575.jpg 1024w, https:\/\/www.pb-franken.de\/wordpress\/wp-content\/uploads\/2019\/01\/market-wide-2771188_1920-300x169.jpg 300w, https:\/\/www.pb-franken.de\/wordpress\/wp-content\/uploads\/2019\/01\/market-wide-2771188_1920-768x432.jpg 768w, https:\/\/www.pb-franken.de\/wordpress\/wp-content\/uploads\/2019\/01\/market-wide-2771188_1920.jpg 1920w\" sizes=\"auto, (max-width: 970px) 100vw, 970px\" \/><\/p>\n<h2><\/h2>\n<p>&nbsp;<\/p>\n<h2 class=\"paragrapha459b7d5c0c66553\"><strong><span class=\"textb1afdda5a9a8f3f3\">Vorstand:<\/span><\/strong><span class=\"text4d54325a67e19823\"><br \/>\n<\/span><\/h2>\n<p class=\"paragrapha459b7d5c0c66553\"><span class=\"text4d54325a67e19823\"><strong>Vorsitzende:<\/strong><br \/>\nKatharina R\u00fcth (Dipl.Soz.P\u00e4d)<br \/>\n<\/span><\/p>\n<p><strong>Stellvertretender Vorsitzender:<\/strong><br \/>\nTobias Lacheta (B.A. Psychologie)<\/p>\n<p class=\"paragrapha459b7d5c0c66553\"><span class=\"text4d54325a67e19823\"><strong>Schatzmeister:<\/strong><br \/>\nThomas Schneider<br \/>\n<\/span><\/p>\n<p>&nbsp;<\/p>\n<h2 class=\"paragrapha459b7d5c0c66553\"><span class=\"text4d54325a67e19823\">Sie m\u00f6chten unsere Arbeit unterst\u00fctzen?<br \/>\n<\/span><\/h2>\n<p class=\"paragrapha459b7d5c0c66553\"><span class=\"textb1afdda5a9a8f3f3\"><strong>Ehrenamtliches Engagement<\/strong><br \/>\n<\/span><\/p>\n<p class=\"paragrapha459b7d5c0c66553\"><span class=\"text4d54325a67e19823\">Sie wollen unsere Arbeit tatkr\u00e4ftig unterst\u00fctzen. Sprechen Sie uns einfach an.<br \/>\n<\/span><\/p>\n<p class=\"paragrapha459b7d5c0c66553\"><strong><span class=\"textb1afdda5a9a8f3f3\">Mitgliedschaft<\/span><\/strong><span class=\"text4d54325a67e19823\"><br \/>\n<\/span><\/p>\n<p class=\"paragrapha459b7d5c0c66553\"><span class=\"text4d54325a67e19823\">Wollen Sie unsere Arbeit auch ideell unterst\u00fctzen? Dann werden Sie Vereinsmitglied! Der Mitgliedsbeitrag in H\u00f6he von 12,- \u20ac j\u00e4hrlich soll auch weniger beg\u00fcterten Menschen die Mitgliedschaft erm\u00f6glichen. Wir freuen uns \u00fcber jede Unterst\u00fctzung.<br \/>\nDen Mitgliedsantrag finden Sie hier zum Herunterladen: <a href=\"https:\/\/www.pb-franken.de\/wordpress\/wp-content\/uploads\/2025\/05\/2025_Mitgliedsantrag_MzM.pdf\">2025_Mitgliedsantrag_MzM<\/a><\/span><\/p>\n<p class=\"paragrapha459b7d5c0c66553\"><strong><span class=\"textb1afdda5a9a8f3f3\">F\u00f6rdermitgliedschaft<\/span><\/strong><span class=\"text4d54325a67e19823\"><br \/>\n<\/span><\/p>\n<p class=\"paragrapha459b7d5c0c66553\"><span class=\"text4d54325a67e19823\">Sie wollen uns regelm\u00e4\u00dfig finanziell unterst\u00fctzen und k\u00f6nnen sich mit unseren Idealen identifizieren, haben aber keine Zeit, selbst im Verein t\u00e4tig zu werden? Dann werden Sie F\u00f6rdermitglied! Die H\u00f6he Ihres j\u00e4hrlichen Mitgliedsbeitrages k\u00f6nnen Sie selbst bestimmen.<br \/>\nDen Antrag auf F\u00f6rdermitgliedschaft finden Sie hier zum Herunterladen: <a href=\"https:\/\/www.pb-franken.de\/wordpress\/wp-content\/uploads\/2025\/05\/2025_Antrag_Foerdermitgliedschaft_MzM.pdf\">2025_Antrag_F\u00f6rdermitgliedschaft_MzM<\/a><br \/>\n<\/span><\/p>\n<p class=\"paragrapha459b7d5c0c66553\"><span class=\"text4d54325a67e19823\"><strong>Satzung<\/strong><br \/>\n<\/span><\/p>\n<p class=\"paragrapha459b7d5c0c66553\"><span class=\"text4d54325a67e19823\">Eine Kopie der Vereinssatzung finden Sie hier zum Herunterladen: <a href=\"https:\/\/www.pb-franken.de\/wordpress\/wp-content\/uploads\/2019\/03\/SATZUNG-DES-VEREINS-Mensch-zu-Mensch_2019.pdf\">SATZUNG DES VEREINS Mensch zu Mensch_2019<\/a><\/span><\/p>\n","protected":false},"excerpt":{"rendered":"<p>Die Gesch\u00e4ftsstelle von Mensch zu Mensch e.V. befindet sich in der Ochsenfurter Stra\u00dfe 16, in Marktbreit. Hier finden Sie sowohl den gesch\u00e4ftsf\u00fchrenden Vorstand als auch die Verwaltung des Vereins. Unser Verein ist vom Finanzamt W\u00fcrzburg als gemeinn\u00fctzig anerkannt. &nbsp; Vorstand: Vorsitzende: Katharina R\u00fcth (Dipl.Soz.P\u00e4d) Stellvertretender Vorsitzender: Tobias Lacheta (B.A. Psychologie) Schatzmeister: Thomas Schneider &nbsp; Sie [&hellip;]<\/p>\n","protected":false},"author":1,"featured_media":0,"parent":0,"menu_order":0,"comment_status":"closed","ping_status":"closed","template":"","meta":{"footnotes":""},"class_list":["post-186","page","type-page","status-publish","hentry"],"yoast_head":"<!-- This site is optimized with the Yoast SEO plugin v27.2 - https:\/\/yoast.com\/product\/yoast-seo-wordpress\/ -->\n<title>Der Verein ~ Mensch zu Mensch e.V.<\/title>\n<meta name=\"robots\" content=\"index, follow, max-snippet:-1, max-image-preview:large, max-video-preview:-1\" \/>\n<link rel=\"canonical\" href=\"https:\/\/www.pb-franken.de\/wordpress\/der-verein\/\" \/>\n<meta property=\"og:locale\" content=\"de_DE\" \/>\n<meta property=\"og:type\" content=\"article\" \/>\n<meta property=\"og:title\" content=\"Der Verein ~ Mensch zu Mensch e.V.\" \/>\n<meta property=\"og:description\" content=\"Die Gesch\u00e4ftsstelle von Mensch zu Mensch e.V. befindet sich in der Ochsenfurter Stra\u00dfe 16, in Marktbreit. Hier finden Sie sowohl den gesch\u00e4ftsf\u00fchrenden Vorstand als auch die Verwaltung des Vereins. Unser Verein ist vom Finanzamt W\u00fcrzburg als gemeinn\u00fctzig anerkannt. &nbsp; Vorstand: Vorsitzende: Katharina R\u00fcth (Dipl.Soz.P\u00e4d) Stellvertretender Vorsitzender: Tobias Lacheta (B.A. Psychologie) Schatzmeister: Thomas Schneider &nbsp; Sie [&hellip;]\" \/>\n<meta property=\"og:url\" content=\"https:\/\/www.pb-franken.de\/wordpress\/der-verein\/\" \/>\n<meta property=\"og:site_name\" content=\"Mensch zu Mensch e.V.\" \/>\n<meta property=\"article:modified_time\" content=\"2025-07-27T19:13:54+00:00\" \/>\n<meta property=\"og:image\" content=\"https:\/\/www.pb-franken.de\/wordpress\/wp-content\/uploads\/2019\/01\/market-wide-2771188_1920-1024x575.jpg\" \/>\n<meta name=\"twitter:card\" content=\"summary_large_image\" \/>\n<meta name=\"twitter:label1\" content=\"Gesch\u00e4tzte Lesezeit\" \/>\n\t<meta name=\"twitter:data1\" content=\"2\u00a0Minuten\" \/>\n<script type=\"application\/ld+json\" class=\"yoast-schema-graph\">{\"@context\":\"https:\/\/schema.org\",\"@graph\":[{\"@type\":\"WebPage\",\"@id\":\"https:\/\/www.pb-franken.de\/wordpress\/der-verein\/\",\"url\":\"https:\/\/www.pb-franken.de\/wordpress\/der-verein\/\",\"name\":\"Der Verein ~ Mensch zu Mensch e.V.\",\"isPartOf\":{\"@id\":\"https:\/\/www.pb-franken.de\/wordpress\/#website\"},\"primaryImageOfPage\":{\"@id\":\"https:\/\/www.pb-franken.de\/wordpress\/der-verein\/#primaryimage\"},\"image\":{\"@id\":\"https:\/\/www.pb-franken.de\/wordpress\/der-verein\/#primaryimage\"},\"thumbnailUrl\":\"https:\/\/www.pb-franken.de\/wordpress\/wp-content\/uploads\/2019\/01\/market-wide-2771188_1920-1024x575.jpg\",\"datePublished\":\"2019-01-31T05:28:50+00:00\",\"dateModified\":\"2025-07-27T19:13:54+00:00\",\"breadcrumb\":{\"@id\":\"https:\/\/www.pb-franken.de\/wordpress\/der-verein\/#breadcrumb\"},\"inLanguage\":\"de\",\"potentialAction\":[{\"@type\":\"ReadAction\",\"target\":[\"https:\/\/www.pb-franken.de\/wordpress\/der-verein\/\"]}]},{\"@type\":\"ImageObject\",\"inLanguage\":\"de\",\"@id\":\"https:\/\/www.pb-franken.de\/wordpress\/der-verein\/#primaryimage\",\"url\":\"https:\/\/www.pb-franken.de\/wordpress\/wp-content\/uploads\/2019\/01\/market-wide-2771188_1920.jpg\",\"contentUrl\":\"https:\/\/www.pb-franken.de\/wordpress\/wp-content\/uploads\/2019\/01\/market-wide-2771188_1920.jpg\",\"width\":1920,\"height\":1079},{\"@type\":\"BreadcrumbList\",\"@id\":\"https:\/\/www.pb-franken.de\/wordpress\/der-verein\/#breadcrumb\",\"itemListElement\":[{\"@type\":\"ListItem\",\"position\":1,\"name\":\"Startseite\",\"item\":\"https:\/\/www.pb-franken.de\/wordpress\/\"},{\"@type\":\"ListItem\",\"position\":2,\"name\":\"Der Verein\"}]},{\"@type\":\"WebSite\",\"@id\":\"https:\/\/www.pb-franken.de\/wordpress\/#website\",\"url\":\"https:\/\/www.pb-franken.de\/wordpress\/\",\"name\":\"Mensch zu Mensch e.V.\",\"description\":\"Betreuungsdienstleistungen, Alltagshilfen und individuelle Beratung in Kitzingen, W\u00fcrzburg und Franken.\",\"publisher\":{\"@id\":\"https:\/\/www.pb-franken.de\/wordpress\/#organization\"},\"potentialAction\":[{\"@type\":\"SearchAction\",\"target\":{\"@type\":\"EntryPoint\",\"urlTemplate\":\"https:\/\/www.pb-franken.de\/wordpress\/?s={search_term_string}\"},\"query-input\":{\"@type\":\"PropertyValueSpecification\",\"valueRequired\":true,\"valueName\":\"search_term_string\"}}],\"inLanguage\":\"de\"},{\"@type\":\"Organization\",\"@id\":\"https:\/\/www.pb-franken.de\/wordpress\/#organization\",\"name\":\"Mensch zu Mensch e.V.\",\"url\":\"https:\/\/www.pb-franken.de\/wordpress\/\",\"logo\":{\"@type\":\"ImageObject\",\"inLanguage\":\"de\",\"@id\":\"https:\/\/www.pb-franken.de\/wordpress\/#\/schema\/logo\/image\/\",\"url\":\"https:\/\/www.pb-franken.de\/wordpress\/wp-content\/uploads\/2019\/03\/LogoMenschzuMenschev_website.png\",\"contentUrl\":\"https:\/\/www.pb-franken.de\/wordpress\/wp-content\/uploads\/2019\/03\/LogoMenschzuMenschev_website.png\",\"width\":417,\"height\":153,\"caption\":\"Mensch zu Mensch e.V.\"},\"image\":{\"@id\":\"https:\/\/www.pb-franken.de\/wordpress\/#\/schema\/logo\/image\/\"}}]}<\/script>\n<!-- \/ Yoast SEO plugin. -->","yoast_head_json":{"title":"Der Verein ~ Mensch zu Mensch e.V.","robots":{"index":"index","follow":"follow","max-snippet":"max-snippet:-1","max-image-preview":"max-image-preview:large","max-video-preview":"max-video-preview:-1"},"canonical":"https:\/\/www.pb-franken.de\/wordpress\/der-verein\/","og_locale":"de_DE","og_type":"article","og_title":"Der Verein ~ Mensch zu Mensch e.V.","og_description":"Die Gesch\u00e4ftsstelle von Mensch zu Mensch e.V. befindet sich in der Ochsenfurter Stra\u00dfe 16, in Marktbreit. Hier finden Sie sowohl den gesch\u00e4ftsf\u00fchrenden Vorstand als auch die Verwaltung des Vereins. Unser Verein ist vom Finanzamt W\u00fcrzburg als gemeinn\u00fctzig anerkannt. &nbsp; Vorstand: Vorsitzende: Katharina R\u00fcth (Dipl.Soz.P\u00e4d) Stellvertretender Vorsitzender: Tobias Lacheta (B.A. Psychologie) Schatzmeister: Thomas Schneider &nbsp; Sie [&hellip;]","og_url":"https:\/\/www.pb-franken.de\/wordpress\/der-verein\/","og_site_name":"Mensch zu Mensch e.V.","article_modified_time":"2025-07-27T19:13:54+00:00","og_image":[{"url":"https:\/\/www.pb-franken.de\/wordpress\/wp-content\/uploads\/2019\/01\/market-wide-2771188_1920-1024x575.jpg","type":"","width":"","height":""}],"twitter_card":"summary_large_image","twitter_misc":{"Gesch\u00e4tzte Lesezeit":"2\u00a0Minuten"},"schema":{"@context":"https:\/\/schema.org","@graph":[{"@type":"WebPage","@id":"https:\/\/www.pb-franken.de\/wordpress\/der-verein\/","url":"https:\/\/www.pb-franken.de\/wordpress\/der-verein\/","name":"Der Verein ~ Mensch zu Mensch e.V.","isPartOf":{"@id":"https:\/\/www.pb-franken.de\/wordpress\/#website"},"primaryImageOfPage":{"@id":"https:\/\/www.pb-franken.de\/wordpress\/der-verein\/#primaryimage"},"image":{"@id":"https:\/\/www.pb-franken.de\/wordpress\/der-verein\/#primaryimage"},"thumbnailUrl":"https:\/\/www.pb-franken.de\/wordpress\/wp-content\/uploads\/2019\/01\/market-wide-2771188_1920-1024x575.jpg","datePublished":"2019-01-31T05:28:50+00:00","dateModified":"2025-07-27T19:13:54+00:00","breadcrumb":{"@id":"https:\/\/www.pb-franken.de\/wordpress\/der-verein\/#breadcrumb"},"inLanguage":"de","potentialAction":[{"@type":"ReadAction","target":["https:\/\/www.pb-franken.de\/wordpress\/der-verein\/"]}]},{"@type":"ImageObject","inLanguage":"de","@id":"https:\/\/www.pb-franken.de\/wordpress\/der-verein\/#primaryimage","url":"https:\/\/www.pb-franken.de\/wordpress\/wp-content\/uploads\/2019\/01\/market-wide-2771188_1920.jpg","contentUrl":"https:\/\/www.pb-franken.de\/wordpress\/wp-content\/uploads\/2019\/01\/market-wide-2771188_1920.jpg","width":1920,"height":1079},{"@type":"BreadcrumbList","@id":"https:\/\/www.pb-franken.de\/wordpress\/der-verein\/#breadcrumb","itemListElement":[{"@type":"ListItem","position":1,"name":"Startseite","item":"https:\/\/www.pb-franken.de\/wordpress\/"},{"@type":"ListItem","position":2,"name":"Der Verein"}]},{"@type":"WebSite","@id":"https:\/\/www.pb-franken.de\/wordpress\/#website","url":"https:\/\/www.pb-franken.de\/wordpress\/","name":"Mensch zu Mensch e.V.","description":"Betreuungsdienstleistungen, Alltagshilfen und individuelle Beratung in Kitzingen, W\u00fcrzburg und Franken.","publisher":{"@id":"https:\/\/www.pb-franken.de\/wordpress\/#organization"},"potentialAction":[{"@type":"SearchAction","target":{"@type":"EntryPoint","urlTemplate":"https:\/\/www.pb-franken.de\/wordpress\/?s={search_term_string}"},"query-input":{"@type":"PropertyValueSpecification","valueRequired":true,"valueName":"search_term_string"}}],"inLanguage":"de"},{"@type":"Organization","@id":"https:\/\/www.pb-franken.de\/wordpress\/#organization","name":"Mensch zu Mensch e.V.","url":"https:\/\/www.pb-franken.de\/wordpress\/","logo":{"@type":"ImageObject","inLanguage":"de","@id":"https:\/\/www.pb-franken.de\/wordpress\/#\/schema\/logo\/image\/","url":"https:\/\/www.pb-franken.de\/wordpress\/wp-content\/uploads\/2019\/03\/LogoMenschzuMenschev_website.png","contentUrl":"https:\/\/www.pb-franken.de\/wordpress\/wp-content\/uploads\/2019\/03\/LogoMenschzuMenschev_website.png","width":417,"height":153,"caption":"Mensch zu Mensch e.V."},"image":{"@id":"https:\/\/www.pb-franken.de\/wordpress\/#\/schema\/logo\/image\/"}}]}},"_links":{"self":[{"href":"https:\/\/www.pb-franken.de\/wordpress\/wp-json\/wp\/v2\/pages\/186","targetHints":{"allow":["GET"]}}],"collection":[{"href":"https:\/\/www.pb-franken.de\/wordpress\/wp-json\/wp\/v2\/pages"}],"about":[{"href":"https:\/\/www.pb-franken.de\/wordpress\/wp-json\/wp\/v2\/types\/page"}],"author":[{"embeddable":true,"href":"https:\/\/www.pb-franken.de\/wordpress\/wp-json\/wp\/v2\/users\/1"}],"replies":[{"embeddable":true,"href":"https:\/\/www.pb-franken.de\/wordpress\/wp-json\/wp\/v2\/comments?post=186"}],"version-history":[{"count":24,"href":"https:\/\/www.pb-franken.de\/wordpress\/wp-json\/wp\/v2\/pages\/186\/revisions"}],"predecessor-version":[{"id":635,"href":"https:\/\/www.pb-franken.de\/wordpress\/wp-json\/wp\/v2\/pages\/186\/revisions\/635"}],"wp:attachment":[{"href":"https:\/\/www.pb-franken.de\/wordpress\/wp-json\/wp\/v2\/media?parent=186"}],"curies":[{"name":"wp","href":"https:\/\/api.w.org\/{rel}","templated":true}]}}