{"id":38,"date":"2016-03-15T12:04:50","date_gmt":"2016-03-15T11:04:50","guid":{"rendered":"http:\/\/www.pb-franken.de.w01442d2.kasserver.com\/wordpress\/?page_id=38"},"modified":"2019-01-30T19:41:24","modified_gmt":"2019-01-30T18:41:24","slug":"persoenliches-budget","status":"publish","type":"page","link":"https:\/\/www.pb-franken.de\/wordpress\/persoenliches-budget\/","title":{"rendered":"Pers\u00f6nliches Budget"},"content":{"rendered":"<h2><strong>Was ist das Pers\u00f6nliche Budget?<\/strong><\/h2>\n<p>Seit 2008 besteht f\u00fcr Menschen mit Behinderung oder Menschen, die von Behinderung bedroht sind, die M\u00f6glichkeit Geld statt Sachleistungen vom Gesetzgeber zu erhalten. Sie k\u00f6nnen nun selbst bestimmen, f\u00fcr welche bedarfsgerechten Leistungen sie diese finanzielle F\u00f6rderung ausgeben wollen (nach \u00a7 17 SGB IX).<\/p>\n<p>Unsere Leistungen k\u00f6nnen auf Antrag tr\u00e4ger\u00fcbergreifend durch das \u201ePers\u00f6nliche Budget\u201c abgedeckt werden.<\/p>\n<h2><strong>Wie hoch ist das Pers\u00f6nliche Budget?<\/strong><\/h2>\n<p>&#8222;Das Budget soll den individuell festgestellten Bedarf eines behinderten Menschen decken. Bei Untersuchungen lag das kleinste Budget bei 36 \u20ac und das h\u00f6chste bei rund 13.000 \u20ac. Die Mehrheit der bewilligten Budgetsummen lag zwischen 200 \u20ac und 800 \u20ac im Monat.&#8220; (Quelle:\u00a0http:\/\/www.einfach-teilhaben.de\/)<\/p>\n<h2><\/h2>\n","protected":false},"excerpt":{"rendered":"<p>Was ist das Pers\u00f6nliche Budget? Seit 2008 besteht f\u00fcr Menschen mit Behinderung oder Menschen, die von Behinderung bedroht sind, die M\u00f6glichkeit Geld statt Sachleistungen vom Gesetzgeber zu erhalten. Sie k\u00f6nnen nun selbst bestimmen, f\u00fcr welche bedarfsgerechten Leistungen sie diese finanzielle F\u00f6rderung ausgeben wollen (nach \u00a7 17 SGB IX). Unsere Leistungen k\u00f6nnen auf Antrag tr\u00e4ger\u00fcbergreifend durch [&hellip;]<\/p>\n","protected":false},"author":1,"featured_media":0,"parent":0,"menu_order":0,"comment_status":"closed","ping_status":"closed","template":"","meta":{"footnotes":""},"class_list":["post-38","page","type-page","status-publish","hentry"],"yoast_head":"<!-- This site is optimized with the Yoast SEO plugin v27.2 - https:\/\/yoast.com\/product\/yoast-seo-wordpress\/ -->\n<title>Pers\u00f6nliches Budget ~ Mensch zu Mensch e.V.<\/title>\n<meta name=\"robots\" content=\"index, follow, max-snippet:-1, max-image-preview:large, max-video-preview:-1\" \/>\n<link rel=\"canonical\" href=\"https:\/\/www.pb-franken.de\/wordpress\/persoenliches-budget\/\" \/>\n<meta property=\"og:locale\" content=\"de_DE\" \/>\n<meta property=\"og:type\" content=\"article\" \/>\n<meta property=\"og:title\" content=\"Pers\u00f6nliches Budget ~ Mensch zu Mensch e.V.\" \/>\n<meta property=\"og:description\" content=\"Was ist das Pers\u00f6nliche Budget? Seit 2008 besteht f\u00fcr Menschen mit Behinderung oder Menschen, die von Behinderung bedroht sind, die M\u00f6glichkeit Geld statt Sachleistungen vom Gesetzgeber zu erhalten. Sie k\u00f6nnen nun selbst bestimmen, f\u00fcr welche bedarfsgerechten Leistungen sie diese finanzielle F\u00f6rderung ausgeben wollen (nach \u00a7 17 SGB IX). Unsere Leistungen k\u00f6nnen auf Antrag tr\u00e4ger\u00fcbergreifend durch [&hellip;]\" \/>\n<meta property=\"og:url\" content=\"https:\/\/www.pb-franken.de\/wordpress\/persoenliches-budget\/\" \/>\n<meta property=\"og:site_name\" content=\"Mensch zu Mensch e.V.\" \/>\n<meta property=\"article:modified_time\" content=\"2019-01-30T18:41:24+00:00\" \/>\n<meta name=\"twitter:card\" content=\"summary_large_image\" \/>\n<meta name=\"twitter:label1\" content=\"Gesch\u00e4tzte Lesezeit\" \/>\n\t<meta name=\"twitter:data1\" content=\"1\u00a0Minute\" \/>\n<script type=\"application\/ld+json\" class=\"yoast-schema-graph\">{\"@context\":\"https:\/\/schema.org\",\"@graph\":[{\"@type\":\"WebPage\",\"@id\":\"https:\/\/www.pb-franken.de\/wordpress\/persoenliches-budget\/\",\"url\":\"https:\/\/www.pb-franken.de\/wordpress\/persoenliches-budget\/\",\"name\":\"Pers\u00f6nliches Budget ~ Mensch zu Mensch e.V.\",\"isPartOf\":{\"@id\":\"https:\/\/www.pb-franken.de\/wordpress\/#website\"},\"datePublished\":\"2016-03-15T11:04:50+00:00\",\"dateModified\":\"2019-01-30T18:41:24+00:00\",\"breadcrumb\":{\"@id\":\"https:\/\/www.pb-franken.de\/wordpress\/persoenliches-budget\/#breadcrumb\"},\"inLanguage\":\"de\",\"potentialAction\":[{\"@type\":\"ReadAction\",\"target\":[\"https:\/\/www.pb-franken.de\/wordpress\/persoenliches-budget\/\"]}]},{\"@type\":\"BreadcrumbList\",\"@id\":\"https:\/\/www.pb-franken.de\/wordpress\/persoenliches-budget\/#breadcrumb\",\"itemListElement\":[{\"@type\":\"ListItem\",\"position\":1,\"name\":\"Startseite\",\"item\":\"https:\/\/www.pb-franken.de\/wordpress\/\"},{\"@type\":\"ListItem\",\"position\":2,\"name\":\"Pers\u00f6nliches Budget\"}]},{\"@type\":\"WebSite\",\"@id\":\"https:\/\/www.pb-franken.de\/wordpress\/#website\",\"url\":\"https:\/\/www.pb-franken.de\/wordpress\/\",\"name\":\"Mensch zu Mensch e.V.\",\"description\":\"Betreuungsdienstleistungen, Alltagshilfen und individuelle Beratung in Kitzingen, W\u00fcrzburg und Franken.\",\"publisher\":{\"@id\":\"https:\/\/www.pb-franken.de\/wordpress\/#organization\"},\"potentialAction\":[{\"@type\":\"SearchAction\",\"target\":{\"@type\":\"EntryPoint\",\"urlTemplate\":\"https:\/\/www.pb-franken.de\/wordpress\/?s={search_term_string}\"},\"query-input\":{\"@type\":\"PropertyValueSpecification\",\"valueRequired\":true,\"valueName\":\"search_term_string\"}}],\"inLanguage\":\"de\"},{\"@type\":\"Organization\",\"@id\":\"https:\/\/www.pb-franken.de\/wordpress\/#organization\",\"name\":\"Mensch zu Mensch e.V.\",\"url\":\"https:\/\/www.pb-franken.de\/wordpress\/\",\"logo\":{\"@type\":\"ImageObject\",\"inLanguage\":\"de\",\"@id\":\"https:\/\/www.pb-franken.de\/wordpress\/#\/schema\/logo\/image\/\",\"url\":\"https:\/\/www.pb-franken.de\/wordpress\/wp-content\/uploads\/2019\/03\/LogoMenschzuMenschev_website.png\",\"contentUrl\":\"https:\/\/www.pb-franken.de\/wordpress\/wp-content\/uploads\/2019\/03\/LogoMenschzuMenschev_website.png\",\"width\":417,\"height\":153,\"caption\":\"Mensch zu Mensch e.V.\"},\"image\":{\"@id\":\"https:\/\/www.pb-franken.de\/wordpress\/#\/schema\/logo\/image\/\"}}]}<\/script>\n<!-- \/ Yoast SEO plugin. -->","yoast_head_json":{"title":"Pers\u00f6nliches Budget ~ Mensch zu Mensch e.V.","robots":{"index":"index","follow":"follow","max-snippet":"max-snippet:-1","max-image-preview":"max-image-preview:large","max-video-preview":"max-video-preview:-1"},"canonical":"https:\/\/www.pb-franken.de\/wordpress\/persoenliches-budget\/","og_locale":"de_DE","og_type":"article","og_title":"Pers\u00f6nliches Budget ~ Mensch zu Mensch e.V.","og_description":"Was ist das Pers\u00f6nliche Budget? Seit 2008 besteht f\u00fcr Menschen mit Behinderung oder Menschen, die von Behinderung bedroht sind, die M\u00f6glichkeit Geld statt Sachleistungen vom Gesetzgeber zu erhalten. Sie k\u00f6nnen nun selbst bestimmen, f\u00fcr welche bedarfsgerechten Leistungen sie diese finanzielle F\u00f6rderung ausgeben wollen (nach \u00a7 17 SGB IX). Unsere Leistungen k\u00f6nnen auf Antrag tr\u00e4ger\u00fcbergreifend durch [&hellip;]","og_url":"https:\/\/www.pb-franken.de\/wordpress\/persoenliches-budget\/","og_site_name":"Mensch zu Mensch e.V.","article_modified_time":"2019-01-30T18:41:24+00:00","twitter_card":"summary_large_image","twitter_misc":{"Gesch\u00e4tzte Lesezeit":"1\u00a0Minute"},"schema":{"@context":"https:\/\/schema.org","@graph":[{"@type":"WebPage","@id":"https:\/\/www.pb-franken.de\/wordpress\/persoenliches-budget\/","url":"https:\/\/www.pb-franken.de\/wordpress\/persoenliches-budget\/","name":"Pers\u00f6nliches Budget ~ Mensch zu Mensch e.V.","isPartOf":{"@id":"https:\/\/www.pb-franken.de\/wordpress\/#website"},"datePublished":"2016-03-15T11:04:50+00:00","dateModified":"2019-01-30T18:41:24+00:00","breadcrumb":{"@id":"https:\/\/www.pb-franken.de\/wordpress\/persoenliches-budget\/#breadcrumb"},"inLanguage":"de","potentialAction":[{"@type":"ReadAction","target":["https:\/\/www.pb-franken.de\/wordpress\/persoenliches-budget\/"]}]},{"@type":"BreadcrumbList","@id":"https:\/\/www.pb-franken.de\/wordpress\/persoenliches-budget\/#breadcrumb","itemListElement":[{"@type":"ListItem","position":1,"name":"Startseite","item":"https:\/\/www.pb-franken.de\/wordpress\/"},{"@type":"ListItem","position":2,"name":"Pers\u00f6nliches Budget"}]},{"@type":"WebSite","@id":"https:\/\/www.pb-franken.de\/wordpress\/#website","url":"https:\/\/www.pb-franken.de\/wordpress\/","name":"Mensch zu Mensch e.V.","description":"Betreuungsdienstleistungen, Alltagshilfen und individuelle Beratung in Kitzingen, W\u00fcrzburg und Franken.","publisher":{"@id":"https:\/\/www.pb-franken.de\/wordpress\/#organization"},"potentialAction":[{"@type":"SearchAction","target":{"@type":"EntryPoint","urlTemplate":"https:\/\/www.pb-franken.de\/wordpress\/?s={search_term_string}"},"query-input":{"@type":"PropertyValueSpecification","valueRequired":true,"valueName":"search_term_string"}}],"inLanguage":"de"},{"@type":"Organization","@id":"https:\/\/www.pb-franken.de\/wordpress\/#organization","name":"Mensch zu Mensch e.V.","url":"https:\/\/www.pb-franken.de\/wordpress\/","logo":{"@type":"ImageObject","inLanguage":"de","@id":"https:\/\/www.pb-franken.de\/wordpress\/#\/schema\/logo\/image\/","url":"https:\/\/www.pb-franken.de\/wordpress\/wp-content\/uploads\/2019\/03\/LogoMenschzuMenschev_website.png","contentUrl":"https:\/\/www.pb-franken.de\/wordpress\/wp-content\/uploads\/2019\/03\/LogoMenschzuMenschev_website.png","width":417,"height":153,"caption":"Mensch zu Mensch e.V."},"image":{"@id":"https:\/\/www.pb-franken.de\/wordpress\/#\/schema\/logo\/image\/"}}]}},"_links":{"self":[{"href":"https:\/\/www.pb-franken.de\/wordpress\/wp-json\/wp\/v2\/pages\/38","targetHints":{"allow":["GET"]}}],"collection":[{"href":"https:\/\/www.pb-franken.de\/wordpress\/wp-json\/wp\/v2\/pages"}],"about":[{"href":"https:\/\/www.pb-franken.de\/wordpress\/wp-json\/wp\/v2\/types\/page"}],"author":[{"embeddable":true,"href":"https:\/\/www.pb-franken.de\/wordpress\/wp-json\/wp\/v2\/users\/1"}],"replies":[{"embeddable":true,"href":"https:\/\/www.pb-franken.de\/wordpress\/wp-json\/wp\/v2\/comments?post=38"}],"version-history":[{"count":7,"href":"https:\/\/www.pb-franken.de\/wordpress\/wp-json\/wp\/v2\/pages\/38\/revisions"}],"predecessor-version":[{"id":179,"href":"https:\/\/www.pb-franken.de\/wordpress\/wp-json\/wp\/v2\/pages\/38\/revisions\/179"}],"wp:attachment":[{"href":"https:\/\/www.pb-franken.de\/wordpress\/wp-json\/wp\/v2\/media?parent=38"}],"curies":[{"name":"wp","href":"https:\/\/api.w.org\/{rel}","templated":true}]}}

Persönliches Budget

<h2><strong>Was ist das Persönliche Budget?</strong></h2>
<p>Seit 2008 besteht für Menschen mit Behinderung oder Menschen, die von Behinderung bedroht sind, die Möglichkeit Geld statt Sachleistungen vom Gesetzgeber zu erhalten. Sie können nun selbst bestimmen, für welche bedarfsgerechten Leistungen sie diese finanzielle Förderung ausgeben wollen (nach § 17 SGB IX).</p>
<p>Unsere Leistungen können auf Antrag trägerübergreifend durch das „Persönliche Budget“ abgedeckt werden.</p>
<h2><strong>Wie hoch ist das Persönliche Budget?</strong></h2>
<p>&#8222;Das Budget soll den individuell festgestellten Bedarf eines behinderten Menschen decken. Bei Untersuchungen lag das kleinste Budget bei 36 € und das höchste bei rund 13.000 €. Die Mehrheit der bewilligten Budgetsummen lag zwischen 200 € und 800 € im Monat.&#8220; (Quelle: http://www.einfach-teilhaben.de/)</p>
<h2></h2>

<p>Was ist das Persönliche Budget? Seit 2008 besteht für Menschen mit Behinderung oder Menschen, die von Behinderung bedroht sind, die Möglichkeit Geld statt Sachleistungen vom Gesetzgeber zu erhalten. Sie können nun selbst bestimmen, für welche bedarfsgerechten Leistungen sie diese finanzielle Förderung ausgeben wollen (nach § 17 SGB IX). Unsere Leistungen können auf Antrag trägerübergreifend durch [&hellip;]</p>

<!-- This site is optimized with the Yoast SEO plugin v27.2 - https://yoast.com/product/yoast-seo-wordpress/ -->
<title>Persönliches Budget ~ Mensch zu Mensch e.V.</title>
<meta name="robots" content="index, follow, max-snippet:-1, max-image-preview:large, max-video-preview:-1" />
<link rel="canonical" href="https://www.pb-franken.de/wordpress/persoenliches-budget/" />
<meta property="og:locale" content="de_DE" />
<meta property="og:type" content="article" />
<meta property="og:title" content="Persönliches Budget ~ Mensch zu Mensch e.V." />
<meta property="og:description" content="Was ist das Persönliche Budget? Seit 2008 besteht für Menschen mit Behinderung oder Menschen, die von Behinderung bedroht sind, die Möglichkeit Geld statt Sachleistungen vom Gesetzgeber zu erhalten. Sie können nun selbst bestimmen, für welche bedarfsgerechten Leistungen sie diese finanzielle Förderung ausgeben wollen (nach § 17 SGB IX). Unsere Leistungen können auf Antrag trägerübergreifend durch [&hellip;]" />
<meta property="og:url" content="https://www.pb-franken.de/wordpress/persoenliches-budget/" />
<meta property="og:site_name" content="Mensch zu Mensch e.V." />
<meta property="article:modified_time" content="2019-01-30T18:41:24+00:00" />
<meta name="twitter:card" content="summary_large_image" />
<meta name="twitter:label1" content="Geschätzte Lesezeit" />
	<meta name="twitter:data1" content="1 Minute" />
<script type="application/ld+json" class="yoast-schema-graph">{"@context":"https://schema.org","@graph":[{"@type":"WebPage","@id":"https://www.pb-franken.de/wordpress/persoenliches-budget/","url":"https://www.pb-franken.de/wordpress/persoenliches-budget/","name":"Persönliches Budget ~ Mensch zu Mensch e.V.","isPartOf":{"@id":"https://www.pb-franken.de/wordpress/#website"},"datePublished":"2016-03-15T11:04:50+00:00","dateModified":"2019-01-30T18:41:24+00:00","breadcrumb":{"@id":"https://www.pb-franken.de/wordpress/persoenliches-budget/#breadcrumb"},"inLanguage":"de","potentialAction":[{"@type":"ReadAction","target":["https://www.pb-franken.de/wordpress/persoenliches-budget/"]}]},{"@type":"BreadcrumbList","@id":"https://www.pb-franken.de/wordpress/persoenliches-budget/#breadcrumb","itemListElement":[{"@type":"ListItem","position":1,"name":"Startseite","item":"https://www.pb-franken.de/wordpress/"},{"@type":"ListItem","position":2,"name":"Persönliches Budget"}]},{"@type":"WebSite","@id":"https://www.pb-franken.de/wordpress/#website","url":"https://www.pb-franken.de/wordpress/","name":"Mensch zu Mensch e.V.","description":"Betreuungsdienstleistungen, Alltagshilfen und individuelle Beratung in Kitzingen, Würzburg und Franken.","publisher":{"@id":"https://www.pb-franken.de/wordpress/#organization"},"potentialAction":[{"@type":"SearchAction","target":{"@type":"EntryPoint","urlTemplate":"https://www.pb-franken.de/wordpress/?s={search_term_string}"},"query-input":{"@type":"PropertyValueSpecification","valueRequired":true,"valueName":"search_term_string"}}],"inLanguage":"de"},{"@type":"Organization","@id":"https://www.pb-franken.de/wordpress/#organization","name":"Mensch zu Mensch e.V.","url":"https://www.pb-franken.de/wordpress/","logo":{"@type":"ImageObject","inLanguage":"de","@id":"https://www.pb-franken.de/wordpress/#/schema/logo/image/","url":"https://www.pb-franken.de/wordpress/wp-content/uploads/2019/03/LogoMenschzuMenschev_website.png","contentUrl":"https://www.pb-franken.de/wordpress/wp-content/uploads/2019/03/LogoMenschzuMenschev_website.png","width":417,"height":153,"caption":"Mensch zu Mensch e.V."},"image":{"@id":"https://www.pb-franken.de/wordpress/#/schema/logo/image/"}}]}</script>
<!-- / Yoast SEO plugin. -->

Persönliches Budget ~ Mensch zu Mensch e.V.

Was ist das Persönliche Budget? Seit 2008 besteht für Menschen mit Behinderung oder Menschen, die von Behinderung bedroht sind, die Möglichkeit Geld statt Sachleistungen vom Gesetzgeber zu erhalten. Sie können nun selbst bestimmen, für welche bedarfsgerechten Leistungen sie diese finanzielle Förderung ausgeben wollen (nach § 17 SGB IX). Unsere Leistungen können auf Antrag trägerübergreifend durch [&hellip;]

Betreuungsdienstleistungen, Alltagshilfen und individuelle Beratung in Kitzingen, Würzburg und Franken.
